{"id":77,"date":"2025-06-07T12:12:55","date_gmt":"2025-06-07T10:12:55","guid":{"rendered":"https:\/\/fewo-fraude.de\/?page_id=77"},"modified":"2025-06-07T12:12:55","modified_gmt":"2025-06-07T10:12:55","slug":"agb","status":"publish","type":"page","link":"https:\/\/fewo-fraude.de\/?page_id=77","title":{"rendered":"AGB"},"content":{"rendered":"\n<p><strong>Allgemeine Gesch\u00e4ftsbedingungen&nbsp;<\/strong><\/p>\n\n\n\n<p><br><strong>1)&nbsp;&nbsp;&nbsp;&nbsp;&nbsp;&nbsp;&nbsp;&nbsp; alle Ferienwohnungen sind Nichtraucher-Ferienwohnung<\/strong><br>Bitte haben Sie Verst\u00e4ndnis daf\u00fcr, dass das Rauchen innerhalb unserer Ferienwohnung nicht gestattet ist.<br><br><strong>2)&nbsp;&nbsp;&nbsp;&nbsp;&nbsp;&nbsp;&nbsp;&nbsp; Anreise\/Abreise<\/strong><br>Am Anreisetag steht Ihnen die Ferienwohnung ab 16:00 Uhr, am Abreisetag bis 10:00 Uhr zur Verf\u00fcgung.<br><br><strong>3)&nbsp;&nbsp;&nbsp;&nbsp;&nbsp;&nbsp;&nbsp;&nbsp; Personenanzahl<\/strong><br>Wir vermieten die Ferienwohnung f\u00fcr die angegebene und vereinbarte Personenanzahl.<br><br><strong>4)&nbsp;&nbsp;&nbsp;&nbsp;&nbsp;&nbsp;&nbsp;&nbsp; Haustiere<\/strong><br>Auf Anfrage k\u00f6nnen Sie Ihren Vierbeiner gegen Aufpreis mitbringen.<br><br><strong>5)&nbsp;&nbsp;&nbsp;&nbsp;&nbsp;&nbsp;&nbsp;&nbsp; Stornierungsbedingungen<\/strong><\/p>\n\n\n\n<p>Wir beziehen uns auf \u00a7 5 der allgemeinen Gesch\u00e4ftsbedingungen der s\u00e4chsischen Staatsb\u00e4der GmbH.<\/p>\n\n\n\n<p>Auszug:<\/p>\n\n\n\n<p>Grunds\u00e4tzlich streben der Beherberger eine kulante Regelung f\u00fcr den Gast an.<br>Ziel ist es, den Gast nicht zu verlieren, sondern f\u00fcr einen Aufenthalt zu einem sp\u00e4teren Zeitpunkt zu gewinnen. Nur f\u00fcr den Fall, dass eine kulante Regelung nicht m\u00f6glich sein sollte, gelten nachfolgende Regelungen.<br>Tritt ein Reisender vor Reiseantritt vom Reisevertrag zur\u00fcck, so kann der Beherberger nach Abzug der ersparten Aufwendungen angemessenen Ersatz f\u00fcr die getroffenen Vorkehrungen und Aufwendungen verlangen. Die Vertragsparteien vereinbaren hierf\u00fcr eine pauschalierte Abgeltung der Ersatzanspr\u00fcche, gestaffelt nach der zeitlichen N\u00e4he des R\u00fccktritts zum Rei- seantritt des Reisenden\/Gast.<\/p>\n\n\n\n<p>bis 50 Tage vor Reiseantritt 10% des \u00dcbernachtungspreises bis 30 Tage vor Reiseantritt 15% des \u00dcbernachtungspreises bis 14 Tage vor Reiseantritt 30% des \u00dcbernachtungspreises bis 7 Tage vor Reiseantritt 50% des \u00dcbernachtungspreises bis 2 Tage vor Reiseantritt 70% des \u00dcbernachtungspreises bis 1 Tag vor Reiseantritt 75% des \u00dcbernachtungspreises<\/p>\n\n\n\n<p>Als Zeitpunkt des R\u00fccktritts gilt der Tag, an dem der Reisende\/Gast vom Reisevertrag Kenntnis erlangt. Sie verpflichtet sich, die Information unverz\u00fcglich an den Beherberger weiterzugeben. Sollten Buchungen nicht direkt \u00fcber unsere Homepage bzw. pers\u00f6nlich erfolgen gelten die AGB\u00b4s der jeweiligen Portale.<\/p>\n","protected":false},"excerpt":{"rendered":"<p>Allgemeine Gesch\u00e4ftsbedingungen&nbsp; 1)&nbsp;&nbsp;&nbsp;&nbsp;&nbsp;&nbsp;&nbsp;&nbsp; alle Ferienwohnungen sind Nichtraucher-FerienwohnungBitte haben Sie Verst\u00e4ndnis daf\u00fcr, dass das Rauchen innerhalb unserer Ferienwohnung nicht gestattet ist. 2)&nbsp;&nbsp;&nbsp;&nbsp;&nbsp;&nbsp;&nbsp;&nbsp; Anreise\/AbreiseAm Anreisetag steht Ihnen die Ferienwohnung ab 16:00 Uhr, am Abreisetag bis 10:00 Uhr zur Verf\u00fcgung. 3)&nbsp;&nbsp;&nbsp;&nbsp;&nbsp;&nbsp;&nbsp;&nbsp; PersonenanzahlWir vermieten die Ferienwohnung f\u00fcr die angegebene und vereinbarte Personenanzahl. 4)&nbsp;&nbsp;&nbsp;&nbsp;&nbsp;&nbsp;&nbsp;&nbsp; HaustiereAuf Anfrage k\u00f6nnen Sie Ihren Vierbeiner &hellip; <\/p>\n<p class=\"link-more\"><a href=\"https:\/\/fewo-fraude.de\/?page_id=77\" class=\"more-link\"><span class=\"screen-reader-text\">\u201eAGB\u201c<\/span> weiterlesen<\/a><\/p>\n","protected":false},"author":1,"featured_media":0,"parent":0,"menu_order":0,"comment_status":"closed","ping_status":"closed","template":"","meta":{"footnotes":""},"class_list":["post-77","page","type-page","status-publish","hentry"],"_links":{"self":[{"href":"https:\/\/fewo-fraude.de\/index.php?rest_route=\/wp\/v2\/pages\/77","targetHints":{"allow":["GET"]}}],"collection":[{"href":"https:\/\/fewo-fraude.de\/index.php?rest_route=\/wp\/v2\/pages"}],"about":[{"href":"https:\/\/fewo-fraude.de\/index.php?rest_route=\/wp\/v2\/types\/page"}],"author":[{"embeddable":true,"href":"https:\/\/fewo-fraude.de\/index.php?rest_route=\/wp\/v2\/users\/1"}],"replies":[{"embeddable":true,"href":"https:\/\/fewo-fraude.de\/index.php?rest_route=%2Fwp%2Fv2%2Fcomments&post=77"}],"version-history":[{"count":1,"href":"https:\/\/fewo-fraude.de\/index.php?rest_route=\/wp\/v2\/pages\/77\/revisions"}],"predecessor-version":[{"id":78,"href":"https:\/\/fewo-fraude.de\/index.php?rest_route=\/wp\/v2\/pages\/77\/revisions\/78"}],"wp:attachment":[{"href":"https:\/\/fewo-fraude.de\/index.php?rest_route=%2Fwp%2Fv2%2Fmedia&parent=77"}],"curies":[{"name":"wp","href":"https:\/\/api.w.org\/{rel}","templated":true}]}}